Let s = -1 + 3. Suppose -14 - 4 = -s*u. Suppose -b = 2*b - u. List the prime factors of b.
3
Let f be 1/(2 - 3/2). Let q be 29 - (-1 + 4/f). Suppose -2*u - u = -5*v - q, 4*v = 5*u - 51. List the prime factors of u.
11
Let f = -14 + 56. Suppose 0 = -2*k + f + 18. List the prime factors of k.
2, 3, 5
Suppose 0 = -2*l - m + 4*m + 28, 0 = 4*m + 8. What are the prime factors of l?
11
What are the prime factors of (4/(-2))/((-1)/7)?
2, 7
Let n(m) = 2*m**2 - 4*m - 1. List the prime factors of n(7).
3, 23
Let n = 7 + 193. List the prime factors of n.
2, 5
Let g = 7 + 23. List the prime factors of (6/4)/(3/g).
3, 5
List the prime factors of 100/75*(-129)/(-2).
2, 43
Suppose 53 - 1 = 2*r. Suppose r + 50 = 4*o. Let m = o + -8. What are the prime factors of m?
11
Let g(m) = m**2 - m - 5. Let w be g(-5). Suppose y + y = 0, -4*y = 5*r - w. Suppose r*k + 0*k = 95. List the prime factors of k.
19
Suppose -3*f - 2*f = 0. Let i = 3 - f. List the prime factors of 3 + 24/i + 0.
11
Suppose 0 = j + 5*w - 4, 5*w - 128 = 3*j - 40. List the prime factors of ((-12)/18)/(1/j).
2, 7
Suppose 3*o + 4*c = 46, -3*c - 2*c = o - 8. What are the prime factors of o?
2, 3
Suppose 5*y + 2*p = -p + 52, -2 = 2*p. Suppose 0 = -3*f - 5 + y. Let z = 0 + f. List the prime factors of z.
2
Let d(c) = 7*c - 1. Let w be d(-2). What are the prime factors of (6/(-4))/(w/140)?
2, 7
Suppose -g + j + 2*j + 45 = 0, -g - 2*j = -20. List the prime factors of g.
2, 3, 5
Let j(u) = -u**3 - 5*u**2 - 2*u - 7. Let g be j(-5). Suppose g*m - 11 = -2*x, -3*m + 4*x = -x - 4. Suppose 41 = m*q - 4. What are the prime factors of q?
3, 5
Let c(p) = p**2 - 7*p + 2. Let m(u) = u**3 + 2*u - 1. Let t be m(1). Suppose q - 5 - t = 0. List the prime factors of c(q).
2
Let p(v) be the third derivative of v**5/20 + 3*v**2. List the prime factors of p(1).
3
Let y(s) = -5*s - 3 + 3 + 6*s**2 + 3. Let c be y(3). Suppose -c = -3*g - 0*g - 3*m, 2*g - 4*m - 10 = 0. List the prime factors of g.
11
Let o(w) = -w**3 + w + 4. What are the prime factors of o(-3)?
2, 7
List the prime factors of (-464)/(-40) - (-3)/(-5).
11
Let m be (-2 - 1 - 0)*-1. Suppose 0 = m*y - 19 - 8. List the prime factors of y.
3
Let l(f) = 16*f + 1. Let o be l(1). Suppose -4*u + o = q, 3*u - 4*u + 3*q = -1. List the prime factors of u.
2
Let j(c) = c**3 + 6*c**2 - c - 7. Let r be j(-6). Let o = -3 - r. What are the prime factors of (-4 - o)/(2/(-13))?
13
Let q = -2 - 3. Let c be (-1)/q - (-14)/5. Suppose 5 = c*d - 1. List the prime factors of d.
2
Let r be 1664/10 - 6/15. Let t = r - 95. Suppose 4 = 4*u - 8, -2*u + t = 5*j. What are the prime factors of j?
13
What are the prime factors of (84/2)/(3 + -2)?
2, 3, 7
Suppose 3*y + 5*v + 125 = 0, y + 22 = -v - 17. List the prime factors of 4 - (-3)/(-1) - y.
2, 3
Suppose 0*r + 15 = 5*r. List the prime factors of r/2*(-32)/(-6).
2
Let c = 56 + 41. What are the prime factors of c?
97
Let h = 175 + -95. List the prime factors of h.
2, 5
Let t(n) = n**3 - 4*n**2 - 4*n - 6. Let j be t(5). Let z(b) = -12*b. List the prime factors of z(j).
2, 3
Suppose -62 = -4*t + 3*k, 0 = -2*k - 3*k - 10. List the prime factors of t.
2, 7
Suppose -3*j + 0 = 27. Let x = -21 - -30. List the prime factors of (12/j)/((-1)/x).
2, 3
Suppose v = -4*k + 17, -3*k - 2*k - 3*v = -16. Suppose k*n - 22 - 13 = 0. What are the prime factors of n?
7
Suppose 6*z - 1579 + 217 = 0. List the prime factors of z.
227
Let t(p) = 175*p**3 - 4*p**2 + p + 1. What are the prime factors of t(1)?
173
Let r = 57 + -41. Suppose r = 2*b - 30. List the prime factors of b.
23
Let n = -18 - -29. Suppose 3*v = -5*m + 30, -5*v + 19 = 5*m - n. Let j = 12 - m. What are the prime factors of j?
2, 3
Suppose -3*r - 30 = 24. Let d = r - -38. Let v = d - 11. What are the prime factors of v?
3
Let m = 13 + 231. What are the prime factors of m?
2, 61
Suppose 3*a - 4*i - 34 = 0, -5*a + 50 - 12 = -2*i. Let p(z) = z**2 - 5*z + 1. List the prime factors of p(a).
7
Suppose -60 = s - 6*s. Suppose 6 = 2*v, -3*p + 0*v + s = 2*v. Suppose 3*a = p*a + 6. List the prime factors of a.
2, 3
Let m be ((-35)/(-21))/((-1)/12). List the prime factors of ((-24)/5)/(6/m).
2
Suppose -2*t + 10 = 2*t + 5*u, -3*t + 3*u - 6 = 0. Suppose t = 5*g - 10*g + 65. What are the prime factors of g?
13
Suppose v + r = -12, -3*v - 36 = 2*v - 3*r. What are the prime factors of v*(-15)/9 + 2?
17
Suppose 16*w - 11*w = 80. List the prime factors of w.
2
Let i(n) = n**2 - 4*n - 6. Let a be i(-6). Let b = a - 2. Suppose 29 = r + 2*l + l, 3*r = -2*l + b. List the prime factors of r.
2, 7
Let d be 3/2*-2 - -3. Suppose -5*g - 3*k + 26 = d, 5*g - 4*k + k = 44. What are the prime factors of g?
7
Let c be (3/(-4))/(3/12). Let h be 2*(18/(-4))/c. Suppose -2*i + 22 = 2*b, 0 = 6*b - b - h*i - 23. List the prime factors of b.
7
Let f(v) = -v + 11. Let s be f(8). Suppose -n + s = -5. What are the prime factors of n?
2
Suppose -4*f + 22 = 2*y, 7*f - 2*f - y - 45 = 0. Let v(s) = -s**3 + 8*s**2 + 2*s - 9. What are the prime factors of v(f)?
7
Suppose -p - 6 = 14. Let z be (-4)/p - (-9)/5. Suppose 0 = z*v - 0*v - 16. What are the prime factors of v?
2
Let w = -384 + 684. What are the prime factors of w?
2, 3, 5
Let n be 2/(1/1 + 1). Let k be 1 - (-2 + n*-25). Suppose -r - k = -5*r. What are the prime factors of r?
7
Suppose 73 = 2*c - 91. List the prime factors of c.
2, 41
Let u(g) = g**2 + 4*g + 7. Let m(h) = -h**3 - 6*h**2 + h + 1. Let i be m(-6). List the prime factors of u(i).
2, 3
Let j = 27 - 23. List the prime factors of j.
2
Let z = -31 + 48. Let x = z - 7. Suppose 4*n - 2 - x = 0. List the prime factors of n.
3
Let d = 48 + -21. Let i(l) = -2*l**3 + 2*l**2 - 2*l - 2. Let x be i(2). Let u = x + d. List the prime factors of u.
13
Suppose 0 = 4*v - 9*v - 15. What are the prime factors of 370/15 + (-1)/v?
5
Suppose u + x = 0, 4*u + 5 = -2*x + 1. Let i = -4 - u. What are the prime factors of (i/4)/(2/(-8))?
2
Suppose 2*o - 5 = -1. Let b be (-3)/((-4)/o - -3). List the prime factors of b/6*(-1 - 27).
2, 7
Let j(h) be the third derivative of h**6/120 + h**5/6 + 7*h**3/3 + 4*h**2. What are the prime factors of j(-10)?
2, 7
Suppose 2*t + 0*t = -4. Let k be t + 0 - (-32 - -2). Suppose 0 = -3*v + k + 14. List the prime factors of v.
2, 7
Suppose -3*p - p + 4 = 4*v, -5*v = -p + 13. List the prime factors of (v + -1)/((-6)/14).
7
Let c be (6 + -7)/(2/(-20)). Suppose 3*t = 124 - c. List the prime factors of t.
2, 19
Let q(b) = 7*b. Let d be q(2). Let w = d - 2. What are the prime factors of w?
2, 3
Suppose 3*d = 6, -103 = -3*k + 4*d - 0*d. What are the prime factors of k?
37
Suppose 0 = -5*g - g + 108. List the prime factors of g.
2, 3
List the prime factors of 20/130 - 2841/(-39).
73
Let a = 31 + -9. List the prime factors of a.
2, 11
Let y be (-19)/3 + (-2)/3. Let q = y - -14. What are the prime factors of q?
7
Suppose 3*m = 4*f, -10 = -f - f - m. List the prime factors of f.
3
Let k(i) = 5*i + 3. Let q(o) = -6*o - 3. Let g(y) = 5*k(y) + 4*q(y). What are the prime factors of g(7)?
2, 5
Suppose -2*k - k = 0. Suppose w - 5 = -k*w. List the prime factors of w.
5
List the prime factors of 16/3 - (-10)/15.
2, 3
Suppose -3*l - d + 0*d + 139 = 0, -3*l = -5*d - 115. What are the prime factors of l?
3, 5
Let f = 15 - 13. List the prime factors of f.
2
Let i = 67 + -42. Let k = i - 14. What are the prime factors of k?
11
Suppose 4*r = -0*r - 5*v + 221, 2*r = v + 93. What are the prime factors of r?
7
Let f(y) = 4*y - 1. Let b be ((-20)/15)/((-2)/3). Let s be f(b). Suppose 0 = -s*v + 4*v + 4*g + 48, 0 = -4*g. What are the prime factors of v?
2
Let f be (-64)/40*5/(-2). Suppose f*n + n - 105 = 0. List the prime factors of n.
3, 7
Let h = 41 - 5. Suppose 3*f - h = -4*t, -f + 3*t = -3*f + 25. What are the prime factors of f?
2
Let a(f) = 2*f - 1. What are the prime factors of a(3)?
5
Let f = 61 - -12. List the prime factors of f.
73
Let o(m) = -6*m - 4. Let f be o(-3). Let z = f - 3. What are the prime factors of z?
11
Suppose 4*o - 2*m - 274 = 0, 4*o + 3*m - 269 = 6*m. What are the prime factors of o?
71
Suppose 0 = -w + 3*s - 2, 4*s - 3 - 6 = -5*w. Let k be (14 - -2)/(1/w). Suppose 0 = -3*y + 4*v - 2*v + 17, 4*v + k = 0. What are the prime factors of y?
3
Let w = -9 - -20. List the prime factors of w.
11
Suppose 5*o - 13 = 12. What are the prim